0 + 21*z**2 + 6 - 4*z. Suppose 0 = r + 2*n - 11 - 2, 3*n + 8 = 4*r. What is p(r)?
1
Let a be (3 - -3) + 1*-1. Suppose 2*l = -0*l + a*w + 26, 0 = 4*w + 16. Let p = l + -6. Let m(o) = -o + 1. What is m(p)?
4
Let r(f) = -3*f - 2*f**3 - 3 - 4*f**2 + 0*f**2 + 1. Suppose z = 2*z - 5*a - 8, -a = -3*z + 10. Suppose -5*w - z - 7 = 0. Determine r(w).
4
Let h(o) be the first derivative of -o**7/840 + o**6/360 + o**5/120 - o**4/24 + o**3/3 + 1. Let a(c) be the third derivative of h(c). Give a(1).
0
Suppose 15 = 2*p + t, -2*p = t - 2*t - 5. Let a(b) = 38 - 33 + 3*b - 10*b + b**2. Calculate a(p).
-5
Let p(u) = 2*u**3 + 3*u**2 + 4. Let o(l) = l**3 + 2*l**2 + 2. Let t(x) = -9*o(x) + 4*p(x). Suppose -10 = -g + 19*y - 15*y, g - 5*y = 14. What is t(g)?
-2
Let j(v) = 4 + 4*v + 3*v + 2 + 2*v**2. Give j(-4).
10
Let z(a) = -3*a**3 + 0 + 0*a**3 + 4 + 2*a**3 - 2*a + 6*a**2. What is z(6)?
-8
Let c(b) = -b**3 + 4*b**2 - 4*b + 3. Let f(w) = w**3 - w**2 - 2*w + 3. Let h be f(2). Suppose 7 = -4*v + 3. Let g = v + h. What is c(g)?
3
Let i(u) = 4*u**2. Suppose o - 8 = -4*d + 5*o, -2*d = -o - 1. Let v be i(d). Let a(j) = 12*j - 1. Let x(y) = -53*y + 3. Let b(z) = -9*a(z) - 2*x(z). Give b(v).
-5
Let d(h) = -h - 1. Let q be d(-1). Let i(g) = -g**2 - g - 2. Determine i(q).
-2
Let r(q) = -2*q - 18. Let i be r(-9). Let y(x) be the second derivative of -1/20*x**5 + 1/3*x**4 + x**3 + x + i + 0*x**2. Determine y(5).
5
Suppose -3*d - 2 = 3*b + 2*d, -2*b = 5*d + 8. Let r(k) = 2*k - 9. What is r(b)?
3
Let g(r) = -5*r - r + 4*r. Let d(x) = x**2 - 7*x + 2. Let q be d(7). Suppose 3*w = 4*p - 4, q*w + 4 = 4*p + 3*w. Give g(p).
-2
Suppose -3*t + 2 + 7 = 0. Let k(f) = -4*f**3 + 0 + 5*f**3 - 3*f**2 - 3. Give k(t).
-3
Let y(d) = 21*d**2 + d - 1. Suppose -3*c + 5*w - 4 = -17, -2 = 2*c + 2*w. Determine y(c).
21
Let h = 13 + -11. Let g(c) = 9*c**2 - 1 - 10*c**2 - 3*c - h. Calculate g(-2).
-1
Suppose -9*y + 12*y - 21 = 0. Let k(z) = -z + 4. Determine k(y).
-3
Let g be 11/(-2) - 1/(-2). Let f(k) be the third derivative of 0*k**3 + 7*k**2 - 1/60*k**5 + 0*k + 0 - 1/4*k**4. Calculate f(g).
5
Let k(b) = -2 - b + 5*b**2 - 28*b**3 + 29*b**3 + b + 5*b. Calculate k(-4).
-6
Let b(q) = q**3 - 3*q**2 - 6*q + 1. Suppose -2*z + 4*t = -24, -1 = 2*t + 7. Give b(z).
-7
Let r(a) be the second derivative of -a**4/24 - a**3/6 + a**2 - 2*a. Let h(w) be the first derivative of r(w). Give h(6).
-7
Suppose -2*h - 2*c - 14 = -7*c, -c + 10 = 2*h. Suppose -5*l - h*t + 25 = t, -l + 5 = -4*t. Let p(r) = r. Determine p(l).
5
Let v(g) be the third derivative of -g**5/60 + 3*g**4/8 - g**3/6 + 10*g**2. Determine v(8).
7
Suppose 0 = 2*o - 3*o. Let i(u) = o + 3 - u + 4*u. Suppose -204 + 195 = 3*d. What is i(d)?
-6
Let a be 248/(-48) - (-1)/6. Let v(l) = 2*l + 7. Calculate v(a).
-3
Let i(y) = 3*y + 9. Let j(k) = 4*k + 8. Let p(r) = -3*i(r) + 2*j(r). Let s be (-4)/(-6)*(-8 + -1). Determine p(s).
-5
Let p(g) = -g**2 - 6*g + 5. Let v be p(-5). Suppose -2*z + 5*b = z - 10, 5*z - 5*b = v. Let o(j) = z - 1 + 3 - j**2 - 3*j. Give o(-3).
2
Suppose -6*p + 8*p = 8. Let a(j) = j**2 - 2*j - 3. Determine a(p).
5
Let u(s) = s - 3 - 1 - 3*s. Suppose 3*g + 3*l - 2*l + 14 = 0, -12 = -3*l. Give u(g).
8
Let c(x) be the third derivative of -x**6/120 + x**5/12 + x**4/3 - x**3 - 2*x**2. Determine c(6).
6
Let k = 0 + 1. Let t(c) = c**3 - c + 1. Let u(j) = j**3 - j**2 + 1. Let z be (-5 - -3 - -1) + 0. Let i(r) = z*u(r) + 2*t(r). What is i(k)?
1
Let s(b) = b. Let d(a) = -2*a - 14. Let n be d(-7). Determine s(n).
0
Let m(l) = l - 2. Let r = -16 + 19. Suppose 0*t + 4*v - 1 = 3*t, r*t - 5*v = -5. What is m(t)?
3
Suppose 2*p = -3*f + 28, 5*f + p - 42 = -0*p. Suppose -2*i = 3*i + 30. Let h = i + f. Let t(o) = -2*o**2 + 4*o - 3. What is t(h)?
-3
Let m(n) = -n**2 - 8*n - 1. Let a be (-32)/(-6)*(-21)/14. What is m(a)?
-1
Let b(j) = -j**2 - 3*j + 3*j - 3 - 3*j. What is b(-2)?
-1
Let t(s) be the first derivative of -1/60*s**5 + s**2 - 1/3*s**3 + 1/120*s**6 - 1/8*s**4 + 0*s + 2. Let k(l) be the second derivative of t(l). Determine k(3).
7
Let z(w) be the first derivative of -w**2 + 3*w + 5. Let j(v) = -2*v + 4. Let g(f) = 4*j(f) - 6*z(f). Give g(3).
10
Let m(l) = -2*l - 1. Let y be m(-2). Suppose -2*n - 15 = c, 0 = -3*n - c - 23 + y. Let a(d) = -2*d - 4*d + 4*d - 2. Give a(n).
8
Let h(o) = o**3 - 3*o**2 + 1. Let m be (-1 - (-3)/(-3)) + 4. Suppose m*i - 1 = -7. Let q(k) = -k - 1. Let r be q(i). Determine h(r).
-3
Let m(b) be the third derivative of -b**4/2 + b**2. Let a be m(1). Let t be ((-1)/(-2))/(3/a). Let y(v) = -2*v**2 - 2*v + 2. Calculate y(t).
-2
Let y(l) = -9 - 132*l**2 + 131*l**2 - 1 - 8*l. Give y(-7).
-3
Suppose -2*j + 11 = y - 3*j, 4*y - 14 = -2*j. Let f(u) = u + 1 - 5 + y. Give f(2).
4
Let b(m) = -1 - 5 - 9*m + 8. Let n(u) = -17*u + 5. Let p(k) = 7*b(k) - 3*n(k). Give p(-1).
11
Let c(s) = s**2 + 5*s - 5. Let u be c(-5). Let n(i) be the third derivative of -i**4/24 + 2*i**2. Calculate n(u).
5
Let r(b) be the second derivative of -b**6/120 - b**5/12 - b**4/4 - 5*b**3/6 - 7*b**2/2 + 8*b. Let o(h) be the first derivative of r(h). Determine o(-4).
3
Let w(t) be the second derivative of t**8/3360 + t**6/360 - t**5/120 - t**4/4 - 2*t. Let d(o) be the third derivative of w(o). What is d(1)?
3
Suppose -6 = 4*p - 2*f + 8, -5*f = 3*p - 22. Let u be 0 + 0 + p + 0. Let z be (2 - 2)/(u/1). Let n(k) = -k + 1. Determine n(z).
1
Let r(t) be the third derivative of t**7/5040 - t**6/90 - t**5/30 - 4*t**2. Let s(g) be the third derivative of r(g). Calculate s(5).
-3
Let c(l) be the first derivative of -11*l**4/4 - l**3/3 + l**2 - l - 55. Suppose -2 + 1 = -j. Calculate c(j).
-11
Suppose -18 = 3*o - 0*o. Let f(v) be the second derivative of -v**3/6 - 2*v**2 + 9*v. Calculate f(o).
2
Let m = 0 + 1. Let k(b) = 0 - 4*b**2 - m + 0*b**2. Let z(j) = j + 2. Let x be z(-1). Give k(x).
-5
Suppose -8 = -2*i - 2*l, 3*i - i = -3*l + 11. Let u(d) = 13*d**2 - 1. Determine u(i).
12
Let r be 1*(-6)/4*-2. Suppose -p - 3 = -x, 4*x + r*p = 9 + 3. Let w(c) = 3*c + 8. Let u(a) = a + 3. Let h(l) = 17*u(l) - 6*w(l). What is h(x)?
0
Suppose 0 = -2*b - 3*b + 20. Let w(a) be the third derivative of -a**6/120 + a**5/12 - a**4/8 + a**3/6 - a**2. Determine w(b).
5
Let g(n) = -2*n + 13. Let h(v) = -1. Let w(f) = -g(f) - 6*h(f). Let q be (-4)/18 + 47/9. Give w(q).
3
Suppose r = 4*r - 5*n - 3, 4*r - 2*n + 10 = 0. Let s(p) = -p**3 - 2*p**2 - p. Let o(g) = 4*g**3 + 9*g**2 - 3*g - 1. Let k(w) = -o(w) - 3*s(w). What is k(r)?
-7
Let i(j) = -j. Let t be i(-2). Let r(g) = -g**t + 5*g**2 - g - 8 - 3*g**2. What is r(0)?
-8
Let j = 59 + -58. Let d(m) = -15*m + 1. Give d(j).
-14
Let h(l) = l. Let j be 4*((-7)/(-2) + -2). Suppose -4*q = -j*q - 52. Let f be q/(-6) - 4/(-6). What is h(f)?
5
Let a(q) = 6*q + 1. Suppose 0 = 2*h - h. Let d(x) = -x + 1. Let v be d(h). What is a(v)?
7
Suppose -3 - 1 = -m. Let z(i) = -14*i - 26. Let r(q) = 5*q + 9. Let n(h) = -17*r(h) - 6*z(h). What is n(m)?
-1
Let q(o) be the third derivative of -o**4/24 + o**3/6 - o**2. Give q(-1).
2
Let u(h) = -2*h + 6. Suppose 17*v - 23*v = -36. Give u(v).
-6
Suppose -7*q + 8*q = 5. Let a(h) = -h**2 + 3*h + 4. Determine a(q).
-6
Let j(m) = m + 0*m**3 + 4*m**2 - 7 - m**3 + m**2. Determine j(5).
-2
Let f(b) = -b**2 + 3*b + 0*b + 6*b**3 - 1 - b. Let u = 2 + -1. Determine f(u).
6
Suppose -2*p = 4 + 6. Let s(b) = -b**2 - b. Let u(j) = -5*j**2 - j + 3. Let t(v) = -6*s(v) + u(v). Let y be t(p). Let o(w) = -4*w. Determine o(y).
-12
Let d = -20 - -14. Let i(a) = -9*a**2 + 2*a + 2. Let l(j) = -8*j**2 + 2*j + 2. Let f(b) = d*i(b) + 7*l(b). Give f(3).
-10
Let t(f) = 20*f + 12. Let o(b) = -7*b - 4. Let k(y) = -17*o(y) - 6*t(y). What is k(-6)?
2
Let z(j) = 7 - 2*j - 3*j - 9 - j**2. Give z(-6).
-8
Let l(a) = a**3 - a**2 + 3*a + 1. Let j = -149 + 152. Determine l(j).
28
Suppose y = 5*r - y - 24, -3*y - 9 = -3*r. Let x(n) = 2*n - 5. Give x(r).
7
Let i(v) = -v**2 + 3*v + 3. Let z(h) = 8*h - 4. Let o be z(1). Calculate i(o).
-1
Let k = 13 - 11. Let x(z) = -1 + k*z + z - 7*z. Determine x(-1).
3
Let y(z) = 7*z**2 + 2*z + 1. Let a be 2/(-4)*(-14)/(-7). Give y(a).
6
Let j(g) = -g**2 + 2*g + 7. Let l be j(0). Let v(i) = -4*i + l*i + 0*i + i**2 - 7. Give v(-6).
11
Let l(k) be the second derivative of -k**5/20 + 5*k**4/12 - k**3/2 - 3*k**2/2 - 2*k. Let z = 9 - 7. Suppose z*g = 5*g